{"id":802,"date":"2023-11-30T12:32:18","date_gmt":"2023-11-30T12:32:18","guid":{"rendered":"https:\/\/easymadeira.pt\/?page_id=802"},"modified":"2023-11-30T12:32:18","modified_gmt":"2023-11-30T12:32:18","slug":"ribeira-da-porca-sao-vicente","status":"publish","type":"page","link":"https:\/\/easymadeira.pt\/?page_id=802","title":{"rendered":"Ribeira da Porca &#8211; S\u00e3o Vicente"},"content":{"rendered":"\n<h1 class=\"wp-block-heading has-text-align-center\">Ribeira da Porca<\/h1>\n\n\n\n<figure class=\"wp-block-image aligncenter size-full\"><img decoding=\"async\" src=\"https:\/\/easymadeira.pt\/wp-content\/uploads\/2023\/11\/image-101.png\" alt=\"\" class=\"wp-image-803\"\/><\/figure>\n\n\n\n<p>Local:\u00a0Cabo da Ribeira (Boaventura)<\/p>\n\n\n\n<p>Dist\u00e2ncia:\u00a01,7 km<\/p>\n\n\n\n<p>Tempo previsto a caminhar:\u00a01h.<\/p>\n\n\n\n<p>Coordenadas do estacionamento:\u00a032.811820, -16.9818816\u00a0<\/p>\n\n\n\n<p>Percorre pontos de interesse paisag\u00edstico e hist\u00f3rico, ao longo de veredas e caminhos de f\u00e1cil progress\u00e3o. Percurso ideal para fazer com toda a fam\u00edlia.<\/p>\n<div style=\"margin: 20px 0;\"><div class=\"qrcswholewtapper\" style=\"text-align:left;\"><div class=\"qrcprowrapper\"  id=\"qrcwraa2leds\"><div class=\"qrc_canvass\" id=\"qrc_cuttenpages_2\" style=\"display:inline-block\" data-text=\"https:\/\/easymadeira.pt\/?page_id=802\"><\/div><div><a download=\"Ribeira da Porca &#8211; S\u00e3o Vicente.png\" class=\"qrcdownloads\" id=\"worign\">\r\n           <button type=\"button\" style=\"min-width:200px;background:#8ccdff;color:#000;font-weight: 600;border: 1px solid #44d813;border-radius:20px;font-size:12px;padding: 6px 0;\" class=\"uqr_code_btn\">EASY QR<\/button>\r\n           <\/a><\/div><\/div><\/div><\/div>","protected":false},"excerpt":{"rendered":"<p>Ribeira da Porca Local:\u00a0Cabo da Ribeira (Boaventura) Dist\u00e2ncia:\u00a01,7 km Tempo previsto a caminhar:\u00a01h. Coordenadas do estacionamento:\u00a032.811820, -16.9818816\u00a0 Percorre pontos de interesse paisag\u00edstico e hist\u00f3rico, ao longo de veredas e caminhos [&hellip;]<\/p>\n","protected":false},"author":1,"featured_media":0,"parent":0,"menu_order":0,"comment_status":"closed","ping_status":"closed","template":"no-title-space","meta":{"_acf_changed":false,"footnotes":""},"folder":[15],"class_list":["post-802","page","type-page","status-publish","hentry"],"acf":[],"_links":{"self":[{"href":"https:\/\/easymadeira.pt\/index.php?rest_route=\/wp\/v2\/pages\/802","targetHints":{"allow":["GET"]}}],"collection":[{"href":"https:\/\/easymadeira.pt\/index.php?rest_route=\/wp\/v2\/pages"}],"about":[{"href":"https:\/\/easymadeira.pt\/index.php?rest_route=\/wp\/v2\/types\/page"}],"author":[{"embeddable":true,"href":"https:\/\/easymadeira.pt\/index.php?rest_route=\/wp\/v2\/users\/1"}],"replies":[{"embeddable":true,"href":"https:\/\/easymadeira.pt\/index.php?rest_route=%2Fwp%2Fv2%2Fcomments&post=802"}],"version-history":[{"count":0,"href":"https:\/\/easymadeira.pt\/index.php?rest_route=\/wp\/v2\/pages\/802\/revisions"}],"wp:attachment":[{"href":"https:\/\/easymadeira.pt\/index.php?rest_route=%2Fwp%2Fv2%2Fmedia&parent=802"}],"wp:term":[{"taxonomy":"folder","embeddable":true,"href":"https:\/\/easymadeira.pt\/index.php?rest_route=%2Fwp%2Fv2%2Ffolder&post=802"}],"curies":[{"name":"wp","href":"https:\/\/api.w.org\/{rel}","templated":true}]}}